0 (base 8) to base 15
33
What is 41 (base 12) in base 11?
45
-3 (base 4) to base 2
-11
10 (base 6) to base 11
6
What is -3 (base 4) in base 10?
-3
Convert b (base 13) to base 8.
13
Convert -121 (base 3) to base 12.
-14
2 (base 10) to base 9
2
-1 (base 7) to base 9
-1
-74 (base 12) to base 5
-323
What is -1 (base 8) in base 5?
-1
What is -1 (base 3) in base 4?
-1
What is 0 (base 6) in base 2?
0
27 (base 11) to base 14
21
Convert -aa (base 12) to base 8.
-202
Convert 3 (base 10) to base 13.
3
Convert -51 (base 9) to base 5.
-141
What is -22 (base 3) in base 5?
-13
What is 23 (base 12) in base 16?
1b
What is -56 (base 7) in base 8?
-51
What is -100 (base 2) in base 6?
-4
-35 (base 10) to base 7
-50
Convert 3b (base 15) to base 6.
132
Convert 3 (base 15) to base 12.
3
What is 31 (base 8) in base 4?
121
Convert 46 (base 11) to base 10.
50
5a (base 15) to base 4
1111
Convert 167 (base 8) to base 3.
11102
-a6 (base 16) to base 14
-bc
What is a0 (base 15) in base 9?
176
Convert -100 (base 2) to base 6.
-4
4 (base 6) to base 9
4
What is -10 (base 12) in base 9?
-13
What is -1 (base 6) in base 13?
-1
What is -b (base 13) in base 14?
-b
What is 0 (base 9) in base 3?
0
What is 1c (base 14) in base 9?
28
Convert -e (base 15) to base 14.
-10
Convert -5 (base 15) to base 6.
-5
What is 85 (base 14) in base 12?
99
Convert 11 (base 4) to base 7.
5
Convert -12000 (base 3) to base 16.
-87
What is 11 (base 2) in base 11?
3
Convert 2 (base 7) to base 5.
2
-60 (base 10) to base 16
-3c
What is 19 (base 10) in base 12?
17
What is -9 (base 11) in base 6?
-13
-1 (base 14) to base 9
-1
What is -7 (base 14) in base 3?
-21
-d1 (base 14) to base 10
-183
13 (base 7) to base 11
a
What is 19 (base 12) in base 13?
18
130 (base 4) to base 6
44
What is -100010 (base 2) in base 3?
-1021
Convert -5 (base 10) to base 16.
-5
Convert -220 (base 3) to base 16.
-18
101 (base 3) to base 5
20
-23 (base 6) to base 10
-15
What is 1 (base 9) in base 4?
1
22211 (base 3) to base 4
3232
What is 0 (base 7) in base 3?
0
1110000 (base 2) to base 13
88
What is 1101 (base 3) in base 5?
122
20 (base 3) to base 6
10
Convert 14 (base 8) to base 10.
12
What is -1 (base 11) in base 15?
-1
Convert -8 (base 10) to base 12.
-8
-1201 (base 6) to base 16
-121
Convert -b3 (base 12) to base 16.
-87
222 (base 3) to base 6
42
Convert -1 (base 13) to base 5.
-1
Convert -d (base 15) to base 2.
-1101
Convert -3 (base 13) to base 16.
-3
What is 2 (base 11) in base 12?
2
Convert -1 (base 10) to base 15.
-1
6 (base 9) to base 12
6
Convert -5 (base 6) to base 16.
-5
What is -10010 (base 2) in base 8?
-22
6 (base 15) to base 3
20
What is -1d (base 16) in base 3?
-1002
19a (base 11) to base 15
105
22 (base 12) to base 10
26
Convert 5 (base 8) to base 15.
5
What is 10100011 (base 2) in base 4?
2203
What is -223 (base 7) in base 16?
-73
-17 (base 13) to base 12
-18
Convert 0 (base 2) to base 9.
0
What is 4 (base 11) in base 8?
4
Convert 2212 (base 3) to base 5.
302
Convert 2 (base 8) to base 14.
2
Convert 52 (base 7) to base 9.
41
2 (base 15) to base 4
2
-95 (base 11) to base 12
-88
2 (base 14) to base 13
2
What is 12 (base 6) in base 7?
11
What is 3 (base 8) in base 15?
3
-118 (base 10) to base 3
-11101
Convert 1 (base 9) to base 12.
1
Convert -77 (base 15) to base 12.
-94
What is 9 (base 13) in base 7?
12
What is -6 (base 8) in base 13?
-6
What is -6 (base 9) in base 15?
-6
Convert 6 (base 7) to base 6.
10
Convert -2 (base 10) to base 14.
-2
What is -2 (base 4) in base 11?
-2
What is -20 (base 4) in base 3?
-22
What is -b (base 16) in base 12?
-b
-47 (base 10) to base 11
-43
-1330 (base 4) to base 11
-103
What is -4 (base 11) in base 3?
-11
What is -224 (base 8) in base 15?
-9d
Convert -9b (base 12) to base 13.
-92
Convert 3 (base 13) to base 6.
3
43 (base 9) to base 14
2b
What is 124 (base 11) in base 4?
2103
What is 7 (base 8) in base 16?
7
Convert -310 (base 4) to base 8.
-64
Convert 8 (base 13) to base 3.
22
Convert -59 (base 12) to base 4.
-1011
-12 (base 4) to base 3
-20
What is 8 (base 9) in base 8?
10
What is -2 (base 4) in base 2?
-10
1 (base 2) to base 5
1
Convert 5 (base 10) to base 3.
12
Convert 30 (base 5) to base 7.
21
Convert -56 (base 14) to base 11.
-6a
3 (base 11) to base 14
3
38 (base 16) to base 7
110
Convert 55 (base 11) to base 8.
74
4 (base 9) to base 12
4
Convert -3c (base 15) to base 2.
-111001
118 (base 11) to base 15
95
3 (base 8) to base 16
3
What is 2 (base 7) in base 11?
2
15 (base 16) to base 4
111
What is -12120 (base 3) in base 14?
-aa
4b (base 16) to base 5
300
0 (base 14) to base 11
0
-111 (base 7) to base 13
-45
-2221 (base 3) to base 5
-304
Convert -145 (base 7) to base 5.
-312
Convert 201 (base 10) to base 5.
1301
-64 (base 7) to base 2
-101110
10 (base 9) to base 8
11
-35 (base 14) to base 7
-65
What is -4 (base 9) in base 14?
-4
Convert -111 (base 7) to base 3.
-2010
What is -12 (base 4) in base 9?
-6
1034 (base 5) to base 16
90
What is 126 (base 8) in base 16?
56
What is -7 (base 10) in base 8?
-7
0 (base 3) to base 8
0
Convert 2 (base 5) to base 15.
2
What is 0 (base 2) in base 6?
0
23 (base 16) to base 4
203
What is 11 (base 9) in base 14?
a
What is -1 (base 6) in base 11?
-1
What is -71 (base 11) in base 10?
-78
What is 2 (base 7) in base 5?
2
-33 (base 5) to base 2
-10010
-2 (base 5) to base 16
-2
101 (base 3) to base 11
a
6c (base 15) to base 11
93
Convert -12c (base 13) to base 4.
-3033
Convert 200 (base 4) to base 2.
100000
0 (base 11) to base 8
0
What is -1000101 (base 2) in base 7?
-126
Convert -1 (base 2) to base 12.
-1
Convert 81 (base 13) to base 8.
151
Convert -4 (base 14) to base 13.
-4
22 (base 8) to base 10
18
Convert -100 (base 4) to base 3.
-121
-2 (base 15) to base 12
-2
What is -23 (base 5) in base 9?
-14
6 (base 9) to base 7
6
What is -1302 (base 5) in base 11?
-174
Convert -5 (base 16) to base 4.
-11
What is -24 (base 7) in base 8?
-22
What is -12 (base 8) in base 10?
-10
What is -3 (base 16) in base 10?
-3
1341 (base 5) to base 10
221
Convert 14a (base 14) to base 6.
1114
0 (base 8) to base 14
0
-15 (base 16) to base 7
-30
What is 121 (base 10) in base 8?
171
11 (base 7) to base 5
13
What is -68 (base 12) in base 15?
-55
What is -c0 (base 13) in base 7?
-312
What is 53 (base 7) in base 5?
123
Convert 1b (base 14) to base 9.
27
1 (base 15) to base 5
1
What is 3 (base 11) in base 7?
3
What is -4a (base 12) in base 7?
-112
36 (base 8) to base 10
30
What is -154 (base 8) in base 3?
-11000
Convert 8 (base 9) to base 16.
8
Convert 172 (base 9) to base 5.
1041
What is -52 (base 12) in base 16?
-3e
-7 (base 8) to base 9
-7
-4 (base 12) to base 9
-4
7 (base 9) to base 5
12
Convert 15 (base 14) to base 12.
17
-1 (base 12) to base 15
-1
What is 135 (base 8) in base 14?
69
0 (base 3) to base 6
0
What is -1332 (base 5) in base 12?
-161
23 (base 6) to base 3
120
Convert 23 (base 6) to base 3.
120
Convert 22 (base 6) to base 9.
15
What is 27 (base 11) in base 6?
45
-12 (base 9) to base 16
-b
0 (base 5) to base 2
0
What is 12 (base 8) in base 4?
22
Convert 85 (base 11) to base 9.
113
Convert 1 (base 14) to base 12.
1
-3 (base 13) to base 2
-11
-270 (base 10) to base 3
-101000
Convert 0 (base 9) to base 11.
0
Convert -332 (base 6) to base 13.
-9b
606 (base 7) to base 5
2200
-21 (base 4) to base 3
-100
What is -1011 (base 3) in base 2?
-11111
2011 (base 3) to base 11
53
35 (base 7) to base 5
101
-39 (base 15) to base 13
-42
What is -4 (base 11) in base 9?
-4
4 (base 15) to base 10
4
What is 6 (base 7) in base 11?
6
What is -5 (base 10) in base 14?
-5
Convert -1 (base 3) to base 5.
-1
What is -7d (base 16) in base 14?
-8d
Convert 3 (base 7) to base 2.
11
Convert 12 (base 3) to base 16.
5
What is 15 (base 12) in base 5?
32
-1001 (base 3) to base 2
-11100
What is 3 (base 14) in base 16?
3
-10 (base 11) to base 12
-b
Convert 1 (base 10) to base 16.
1
4a (base 14) to base 9
73
Convert 0 (base 3) to base 6.
0
What is -1c (base 16) in base 3?
-1001
b6 (base 14) to base 5
1120
Convert -2 (base 4) to base 7.
-2
What is -b (base 16) in base 8?
-13
-1202 (base 3) to base 9
-52
11 (base 6) to base 12
7
What is -10 (base 2) in base 9?
-2
What is -240 (base 11) in base 5?
-2121
-2031 (base 4) to base 9
-166
-1 (base 11) to base 5
-1
What is -5 (base 12) in base 13?
-5
Convert -5 (base 